the prime factors of i.
23, 53
Let h(l) = 2*l**2 + 3*l + 5 + 5*l - l. What are the prime factors of h(-5)?
2, 5
Let w be (-4)/(-3)*1*18. Let x be (-33)/(-12) - (-6)/w. Suppose -o - 3*h - h = -25, x*o - 59 = -4*h. List the prime factors of o.
17
Let g(n) = n - 5 - 3*n + 1 - 2. Let r be g(-4). Suppose -r*a - s = -37, -5*a = -0*a + 5*s - 95. What are the prime factors of a?
2, 3
Let p(t) = 30*t - 915. List the prime factors of p(71).
3, 5
Let s = 44 - 30. Let n be (-32)/(-5) - s/35. Suppose n*i - 2*i = 8. What are the prime factors of i?
2
Let x(f) = -2*f**3 - 14*f**2 + 16*f + 127. List the prime factors of x(-13).
3, 11, 59
Let h = -33 - -32. Let t(k) = 69*k**2 - 2*k - 1. What are the prime factors of t(h)?
2, 5, 7
Let u(b) = b**2 + 9*b - 14. Let c be u(-10). List the prime factors of (-245 - (1 + c))/(-2).
11
Let r = 40 + 27. Suppose 2*g = -3*a - 0*g + 98, -3*g = 2*a - r. What are the prime factors of a?
2
Let v(q) = -7 + 5 + 6. Let f(u) = -u. Let r(s) = -3*f(s) + v(s). List the prime factors of r(5).
19
Suppose 0*x + 3*x - 3*g - 165 = 0, -111 = -2*x + g. Let z = x - 33. List the prime factors of z.
23
Suppose f = -5*d - 4 - 70, 36 = -4*d + 5*f. Let x = d - -19. Suppose 5*v - 110 = 5*c, -x*c - 76 = -2*v - 17. List the prime factors of v.
17
Suppose 366 = 2*s + 3*c - 80, 8 = -2*c. List the prime factors of s.
229
Suppose -2*c = c + 5*r - 23, 0 = c + 3*r - 9. List the prime factors of 342/17 - c/51.
2, 5
Suppose -27*i = -8*i - 95. Suppose -256 = -5*z - 2*y, i*z - 2*y + 50 = 314. What are the prime factors of z?
2, 13
Let f be (-1)/(((-2)/(-5))/(-2)). Suppose 4*g - 198 = -3*u + 2*g, -4*u = -f*g - 264. What are the prime factors of u?
2, 3, 11
Let m be (-1)/3 + 14/6. List the prime factors of (-3)/(m - 75/36).
2, 3
Suppose 4*i - 4*g - 48 = 0, 5*i - 5*g = -2*g + 50. Suppose 5*d = i*d + 118. Let r = -18 - d. What are the prime factors of r?
41
Let p(k) = -k**3 - 12*k**2 + 13*k + 4. Let a be p(-13). Suppose 5*y + 132 - 334 = -q, -a*y = -12. What are the prime factors of q?
11, 17
Let m(c) = c + 1. Let a be m(-1). Suppose 3*d + 5 - 44 = a. What are the prime factors of d/13 + 52/2?
3
Let p = -184 + 455. List the prime factors of p.
271
Suppose f + 1550 = 3*d, 5*d = 4*d + 4*f + 524. Let i be 160/(-30)*(-3)/(-2). What are the prime factors of (6/(-9))/(i/d)?
43
Suppose -2*x - 812 = -s, -6*x + 3*x - 2451 = -3*s. What are the prime factors of s?
2, 3, 137
Let v(w) = w**3 - w**2 + w - 1. Let d = -6 + 2. Let a(p) = -3*p**3 + 11*p**2 - 2*p + 1. Let t(n) = d*v(n) - a(n). What are the prime factors of t(-7)?
17
Let l = 28 - 24. List the prime factors of 8239/63 + l/18.
131
Let y be (1 + (-1)/2)/((-27)/(-864)). Suppose -y*j + 68 = -15*j. What are the prime factors of j?
2, 17
Suppose 7*g = 3*g. Suppose g = n - 6*n + 275. List the prime factors of n.
5, 11
Let z = 563 + -373. What are the prime factors of z?
2, 5, 19
Let u(k) = 4*k + 30. Let t be u(-5). List the prime factors of (-45)/(-18)*92/t.
23
List the prime factors of 48/(-60) - (-1617)/15.
107
Suppose 140*x = 133*x + 18816. List the prime factors of x.
2, 3, 7
Suppose 5*c - 11 - 4 = 0. Suppose -2*a + c*a - 41 = 0. List the prime factors of a.
41
Suppose v - 257 + 60 = 0. List the prime factors of v.
197
Suppose 5*o + 16 = -9, -5*p - 5*o = -10. Let d = -4 + p. Suppose -a + 2*a - 31 = -2*t, -d*a - 5*t = -97. List the prime factors of a.
3, 13
Suppose -30*k + 27 = -33*k. Suppose -i - 1 = 0, -4*c + 140 = -0*c + 4*i. List the prime factors of k/c + 237/4.
59
Let q(y) = -y**3 - 10*y**2 - 17*y. Let z be q(-8). Suppose -15*v = -z*v - 896. List the prime factors of v.
2
Let l be ((-3440)/(-48))/((-1)/(-3)). Suppose 3*h - l - 583 = 0. List the prime factors of h.
2, 7, 19
Let a(h) = -2*h - 12. Let t be a(-8). Suppose -t + 2 = -z. Suppose 5*l - 115 = 5*v, -2*l + 5 = z*v - 49. List the prime factors of l.
5
Suppose -273 = t - 4*t. Suppose 31 = -5*n + t. Suppose n = -6*v + 7*v. What are the prime factors of v?
2, 3
Let r(x) = 519*x + 1. What are the prime factors of r(1)?
2, 5, 13
Suppose 0 = -293*t + 286*t + 4319. What are the prime factors of t?
617
Let n be 5*3*(3 + -2). Suppose -9*b = -6*b + 21. Let s = n + b. What are the prime factors of s?
2
Let c be 3 + (4 - 1 - -3). Let l = c + -2. List the prime factors of (-2)/l - 65/(-7).
3
What are the prime factors of 4/18 - (-4 + (-54878)/18)?
43, 71
Let p = 516 - -203. What are the prime factors of p?
719
Let k = 3525 + -2452. List the prime factors of k.
29, 37
Suppose -3*z + z = -2128. What are the prime factors of ((-1)/(-2))/(14/z)?
2, 19
Let r be -5 + 3 - 1*10. What are the prime factors of (-1 - 3) + (r - -19)?
3
Let f = 24 + -38. Let b = f - -8. What are the prime factors of 20/b*9/(-6)?
5
List the prime factors of -6 - 6 - -6 - -121.
5, 23
Let d(p) = -p**3 + 7*p**2 - 11*p - 27. List the prime factors of d(-5).
2, 41
Suppose -5*f - 16 = 2*j, 5 = -4*j + 3*f + 25. Suppose -4*a + j*m + 208 = 0, -5*a = -3*a + m - 104. List the prime factors of a.
2, 13
Suppose -4*l = -4*c - 87 - 77, -4*l + c = -149. Let n = l + -27. What are the prime factors of n?
3
Let v = -536 + 708. What are the prime factors of v?
2, 43
Let m = -448 - -648. What are the prime factors of m?
2, 5
Let h(t) = 6*t - t - 2*t**2 + 3*t**3 - 2 - 3*t**2 - t**3. What are the prime factors of h(4)?
2, 3, 11
Suppose -4*t = -40 - 108. Suppose 5*k + 0*k = -y + 29, -3*y = 5*k - t. Suppose 0 = -5*p + 5*c + 90, y*p + 5*c = -0*p + 81. What are the prime factors of p?
19
Let h be (-4)/8*-1*4. Suppose 3*z - 4 = -n, -h*n + 20 = -6*n. Suppose -d + 20 = z*d. List the prime factors of d.
5
Let b = -38 + 68. Let l = 57 + b. What are the prime factors of l?
3, 29
Let v = -1 - -5. Suppose 2*x + x - 64 = -5*a, 0 = 4*x + v*a - 72. List the prime factors of x.
13
Suppose 2*m + 7*t = 2*t - 2, 3*t = 3*m - 18. Suppose -4*z + 2 = -o + z, 2*o - 10 = -m*z. Suppose q - 40 = o*c, -q + 2*c + 16 = -22. List the prime factors of q.
2, 17
Suppose 7*z - 165 = 1263. Suppose -2*b + 5*t + 92 = 0, z = 4*b + 3*t - 8*t. What are the prime factors of b?
2, 7
Let u be (-1138)/18 - (-3 - (-150)/54). List the prime factors of (-11079)/u + (-3)/(-21).
2, 11
Let g(s) = -194*s - 21. List the prime factors of g(-9).
3, 5, 23
Let f(l) = -36*l**2 - 2*l. Let k(w) = 35*w**2 + w. Let p(r) = 2*f(r) + 3*k(r). What are the prime factors of p(2)?
2, 5, 13
Let g = -526 - -784. List the prime factors of g.
2, 3, 43
Let j be (-23)/138 - 118/12. List the prime factors of (-2)/((-4)/10)*(-302)/j.
151
Let i = 1 + -36. Let o = i + 75. What are the prime factors of o?
2, 5
Suppose 6*d + 264 = 2*d. Let m = 117 + d. List the prime factors of m.
3, 17
Let h(u) = -44*u**3 + 2*u**2 - 21*u - 53. List the prime factors of h(-3).
2, 19
Suppose -t = -4*t + 6. Let x be 8 - (3 - 0/1). What are the prime factors of (-3 + t)/(x/(-100))?
2, 5
Let m be (-72)/(-96) - (-1 - (-5)/(-4)). Suppose -m*t - 7*t + 2800 = 0. What are the prime factors of t?
2, 5, 7
Suppose 5*a - 15 = 0, 0*n = 3*n + 3*a + 129. Let g = n + 73. List the prime factors of g.
3
Let s(v) = -3*v**3 + v**2 - 83. Let k(i) = -4*i**3 + i**2 + i - 82. Let o(g) = 2*k(g) - 3*s(g). Let l be o(0). Let z = l + -44. What are the prime factors of z?
41
Suppose 0 = -15*l + 20*l + 100. Let s(m) = -5*m**2 + 4*m - 1. Let h be s(4). Let j = l - h. What are the prime factors of j?
3, 5
Let t(a) be the second derivative of -13*a**5/120 - 13*a**4/24 + 5*a**3/3 - 9*a. Let b(x) be the second derivative of t(x). What are the prime factors of b(-7)?
2, 3, 13
Let p = 361 + -220. Let y be p/9 - 6/9. Suppose y*z + 9 = 16*z. What are the prime factors of z?
3
Let b = 257 - -672. What are the prime factors of b?
929
Suppose 0 = -2*u - q + 4449, -8*u + 6*u = -q - 4451. List the prime factors of u.
5, 89
Let r = 72 + -37. What are the prime factors of r?
5, 7
Let d(l) = -2*l**2 - 7*l + 8. Let b be d(4). List the prime factors of 13/(b/(-288)) + -4.
2, 17
Let g = 1635 - 1113. Let i = g - 352. List the prime factors of i.
2, 5, 17
Suppose 105*s - 108*s = -4971. List the prime factors of s.
1657
Let z = -20 + 22. Suppose 190 = 5*o - 3*f, -180 = -5*o - f + z*f. What are the prime factors of o?
5, 7
Let k(u) = 27*u - 75. Suppose -20*c = -17*c - 15. What are the prime factors of k(c)?
2, 3, 5
Suppose -3*b = 5*g - 203, -106 = -4*b + 3*g + 126. List t